(7).
-13
Let x(z) = 167*z + 6981. Calculate x(-43).
-200
Let n(h) = h**3 + 254*h**2 + 1244*h - 269. Give n(-249).
-20
Let b(g) = 38*g - 1097. What is b(25)?
-147
Let n(w) = -9*w**2 - 360*w + 12. Give n(-40).
12
Let y(k) = k**2 - 25*k. Give y(3).
-66
Let i(l) = -l**3 - 81*l**2 + 1211*l + 26. Give i(13).
-117
Let z(a) = 38429*a + 269010. Give z(-7).
7
Let t(r) = -70*r - 4189. Give t(-60).
11
Let t(a) = a**3 + 13*a**2 - 9*a - 21. What is t(-12)?
231
Let d(h) = 143*h**3 - 7*h**2 + 2*h - 4. Determine d(2).
1116
Let o(r) = -r**2 + 30*r - 124. Calculate o(31).
-155
Let g(j) = j**2 + 30*j + 133. Determine g(-28).
77
Let l(x) = 858*x + 35170. Give l(-41).
-8
Let d(j) = 482*j + 39527. Give d(-82).
3
Let w(q) = 6*q - 147. Determine w(24).
-3
Let k(a) = a**2 - 11*a - 156. Determine k(17).
-54
Let y(t) = 932*t - 2774. What is y(3)?
22
Let w(a) = -a**2 + 8*a + 8646. What is w(97)?
13
Let x(s) = 2*s**2 - 37*s + 89. Calculate x(15).
-16
Let z(a) = -43*a + 768. Give z(21).
-135
Let f(o) = 28*o + 1891. Calculate f(-67).
15
Let b(q) = -28*q - 261. Calculate b(-5).
-121
Let i(t) = -61*t - 240. Determine i(-4).
4
Let l(q) = 7*q**2 - 56*q - 18. What is l(10)?
122
Let k(i) = -1146*i - 1147. What is k(-1)?
-1
Let q(r) = -r**3 + 99*r**2 + 311*r - 515. Give q(102).
-5
Let h(w) = -25*w**3 - 76*w**2 - w - 9. Calculate h(-3).
-15
Let j(r) = -268*r - 32247. What is j(-120)?
-87
Let b(p) = 41*p - 49. Calculate b(-2).
-131
Let b(v) = 106*v**3 - 102*v**2 - 105*v - 2. Determine b(-1).
-105
Let y(f) = 16*f**2 - 19*f + 30. Calculate y(3).
117
Let k(f) = -f**2 - 184*f - 7847. Determine k(-67).
-8
Let w(t) = -11*t + 613. Calculate w(70).
-157
Let o(a) = -5*a + 27. What is o(6)?
-3
Let d(b) = -b**3 - 33*b**2 + 61*b - 82. What is d(-35)?
233
Let c(y) = y**2 + 83*y + 1824. Determine c(-42).
102
Let i(k) = -2*k**3 - 251*k**2 - 1319*k + 108. Determine i(-120).
-12
Let s(u) = -u**3 + 45*u**2 + 31*u + 695. Give s(46).
5
Let i(l) = 3*l**3 + 78*l**2 + 76*l + 46. Determine i(-25).
21
Let f(u) = u**3 + 38*u**2 + 355*u + 5. Calculate f(-20).
105
Let u(h) = 2*h**3 - 9*h**2 + 19*h - 50. Calculate u(4).
10
Let c(b) = 821*b - 812. Determine c(1).
9
Let h(x) = -x**2 + 642*x - 35431. Calculate h(61).
10
Let d(f) = 31*f - 2108. What is d(68)?
0
Let o(z) = -61*z - 383. What is o(-6)?
-17
Let s(d) = -d**3 - 3*d**2 - 2*d + 18. Give s(-2).
18
Let o(x) = -376*x**2 - 295*x. Determine o(-1).
-81
Let r(m) = m**2 + 118*m - 123. Calculate r(0).
-123
Let y(q) = -8*q + 380. What is y(53)?
-44
Let r(z) = 72*z + 1947. Determine r(-27).
3
Let h(q) = 2*q**2 - 24*q + 49. Give h(11).
27
Let b(j) = j**3 + 430*j**2 + 25777*j + 71. What is b(-72)?
-1
Let q(y) = 25*y**2 + 14*y + 20. Calculate q(-3).
203
Let i(q) = -76*q**2 + 70*q + 13. Give i(1).
7
Let w(p) = 135*p - 2271. Calculate w(17).
24
Let a(j) = 2652*j - 21196. Determine a(8).
20
Let c(r) = 6*r - 211. Calculate c(25).
-61
Let o(s) = -31*s**2 + 174*s + 81. Determine o(6).
9
Let b(y) = 2*y**3 - 30*y**2 - 8*y + 221. Give b(15).
101
Let n(h) = -h**3 - 20*h**2 - 16*h + 85. What is n(-19)?
28
Let o(b) = 2267*b + 31728. What is o(-14)?
-10
Let b(j) = -229*j**3 - 2*j**2 + j. Determine b(1).
-230
Let w(c) = 2*c**2 + 32*c - 28. Determine w(-16).
-28
Let y(d) = -d**3 - 18*d**2 - 72*d - 54. Give y(-13).
37
Let r(b) = -2*b**3 - 12*b**2 - 13*b - 110. Determine r(-6).
-32
Let a(s) = s**2 + 2*s + 44. Determine a(-9).
107
Let l(j) = -3*j**2 + 265*j + 4520. Give l(103).
-12
Let p(k) = -323*k + 32291. Calculate p(100).
-9
Let b(d) = -167*d - 7615. Give b(-45).
-100
Let b(r) = r**3 + 36*r**2 + 86*r - 222. Determine b(-33).
207
Let y(k) = -8*k - 463. What is y(-49)?
-71
Let n(p) = 5807*p + 52273. Determine n(-9).
10
Let i(n) = -2*n**2 - 27*n + 6. Calculate i(-14).
-8
Let o(c) = -c**3 + 9*c**2 - 12*c + 19. Give o(8).
-13
Let d(s) = 4*s**2 - 123*s - 40. Give d(31).
-9
Let p(b) = -b**2 - 24*b - 79. Determine p(-15).
56
Let z(c) = 3*c**3 - 13*c**2 - 9*c + 1. Determine z(4).
-51
Let l(q) = -20*q**2 + 2*q + 16. Give l(2).
-60
Let h(s) = 5*s - 12. Determine h(6).
18
Let o(i) = -2*i - 10. Give o(-27).
44
Let b(l) = -2*l**2 - 73*l - 53. Determine b(-36).
-17
Let c(a) = a**3 - 7*a**2 - 213*a - 98. Give c(-12).
-278
Let u(d) = 2*d**2 - 372*d - 5170. What is u(199)?
4
Let n(d) = -29*d**2 - 895*d - 30. Give n(-31).
-154
Let i(z) = z**2 - 18*z - 320. What is i(26)?
-112
Let d(n) = -11*n**3 + 2*n**2 - 13*n - 27. Calculate d(-2).
95
Let w(x) = x**3 - 11*x**2 + 4*x - 45. Calculate w(11).
-1
Let f(q) = 78*q + 9452. Determine f(-120).
92
Let i(n) = 5*n**2 + 25*n - 69. Determine i(7).
351
Let c(z) = z**3 + 23*z**2 + 23*z - 69. Calculate c(-22).
-91
Let f(g) = -g**3 - 2*g**2 + 13*g + 29. Give f(-6).
95
Let l(o) = -2*o**3 + 203*o**2 - 83*o - 1823. Determine l(101).
-5
Let s(g) = -19*g**2 + 162*g - 497. Determine s(3).
-182
Let t(j) = -4*j**3 + 3*j**2 + 8*j + 3. Give t(3).
-54
Let j(m) = m**2 + 35*m - 576. Give j(12).
-12
Let u(w) = 417*w - 4661. What is u(11)?
-74
Let y(t) = 3*t**2 - 297*t + 1734. Determine y(6).
60
Let s(m) = -m - 176. What is s(-19)?
-157
Let p(j) = 2*j**2 + 29*j - 148. Give p(-20).
72
Let n(k) = 2376*k + 7127. What is n(-3)?
-1
Let p(r) = -18*r + 623. What is p(35)?
-7
Let l(n) = 7380*n + 59031. Calculate l(-8).
-9
Let x(a) = a**3 - 42*a**2 + 13*a + 2687. Determine x(40).
7
Let y(s) = 102*s**3 + s**2 - 3*s + 3. Calculate y(1).
103
Let g(d) = d**3 + 5*d**2 - 5*d + 40. Determine g(-7).
-23
Let f(q) = 4*q**2 - 86*q. What is f(0)?
0
Let g(d) = -2*d**2 + 36*d + 907. Give g(-14).
11
Let s(w) = 337*w**2 + 4382*w + 1. Give s(-13).
-12
Let x(s) = 4*s**2 + 4419*s - 13270. Give x(3).
23
Let s(f) = 2*f**2 - 46*f + 50. What is s(30)?
470
Let t(m) = -3*m**2 - 171*m - 1061. Give t(-7).
-11
Let r(l) = 137*l - 1022. What is r(8)?
74
Let q(l) = -13*l - 40. What is q(6)?
-118
Let h(y) = y**3 + y**2 - 47*y - 13. What is h(0)?
-13
Let x(d) = 7*d**2 - 22*d + 51. Determine x(5).
116
Let l(z) = -1570*z - 17238. Give l(-11).
32
Let b(i) = i**3 - 6*i**2 - 6*i - 5. Determine b(5).
-60
Let q(d) = -2*d**2 + 483*d + 29167. Determine q(-50).
17
Let v(k) = 6*k**2 - 461*k - 111. Determine v(77).
-34
Let g(z) = 50*z + 1348. Determine g(-27).
-2
Let p(l) = -2782*l - 5557. Determine p(-2).
7
Let z(o) = -2*o**2 + 16*o + 942. Calculate z(26).
6
Let q(s) = 300*s - 1734. Give q(5).
-234
Let y(u) = -5*u**2 - 239*u + 1579. What is y(6)?
-35
Let x(v) = -88*v + 2635. Determine x(21).
787
Let o(l) = l**2 + 69*l + 536. Calculate o(-9).
-4
Let a(k) = -k**2 - 14*k + 124. Determine a(-20).
4
Let q(w) = 17*w**3 + w**2 - 2*w + 12. Determine q(-1).
-2
Let y(h) = -5391*h + 43140. Determine y(8).
12
Let a(d) = d**3 + 84*d**2 - 538*d + 171. Calculate a(-90).
-9
Let b(c) = -108*c**2 - 51*c - 93. Calculate b(-2).
-423
Let h(z) = -z**3 - z**2 - 11*z - 58. Give h(-3).
-7
Let f(w) = 17*w + 97. Determine f(0).
97
Let r(d) = d**3 + 16*d**2 + 77*d + 940. Determine r(-15).
10
Let k(v) = 353*v + 23. Calculate k(0).
23
Let r(b) = -b**2 - 8*b + 167. Calculate r(-18).
-13
Let c(z) = 87*z - 5940. Give c(69).
63
Let l(z) = -10*z + 7. What is l(0)?
7
Let d(k) = -k**3 - k**2 - 442*k - 889. What is d(-2)?
-1
Let q(l) = 62*l - 1869. What is q(30)?
-9
Let j(l) = -l**3 + 23*l**2 - 22*l - 5. Give j(22).
-5
Let r(o) = -5*o**2 + 246*o + 153. What is r(51)?
-306
Let y(p) = 5*p**2 + 16*p + 13. Determine y(-2).
1
Let c(z) = z**3 - 12*z**2 - 17*z + 3. Give c(14).
157
Let i(l) = -5*l**2 + 102*l - 26. Calculate i(21).
-89
Let m(j) = 4*j**2 - 11*j - 54. Give m(-3).
15
Let g(w) = -2*w**2 + 62*w - 191. Determine g(3).
-23
Let d(p) = 3*p**2 - 867*p + 7563. What is d(9)?
3
Let i(k) = 1524*k + 19815. What is i(-13)?
3
Let u(p) = -p**3 + 7*p**2 + 49*p - 19. Calculate u(-5).
36
Let h(k) = 3*k**2 + 10*k - 5. Calculate h(-6).
43
Let t(f) = -156*f + 771. Determine t(5).
-9
Let x(d) = 1456*d - 18924. What is x(13)?
4
Let c(r) = 2*r**2 - 43*r + 227. Give c(9).
2
Let c(y) = 3*y**2 + 75*y + 59. Give c(-25).
59
Let v(s) = -2*s**2 + 257*s + 2399. What is v(-9)?
-76
Let a(v) = -137*v + 2733. Determine a(20).
-7
Let b(t) = -t**2 - 2*t + 10. Give b(-9).
-53
Let j(y) = 2*y**2 - 122*y - 293. What is j(63)?
-41
Let b(z) = -3*z**3 - 147*z**2 - 283*z + 5. Determine b(-2).
7
Let x(b) = -b**3 + 3*b**2 + 37*b + 29. Give x(-4).
-7
Let l(f) = 2*f**2 - 2*f - 344. What is l(15)?
76
Let j(u) = u*